f is divided by y.
17
Suppose 0 = -2*n + 4 + 2. Suppose n*z - 10 = 8. Suppose z*x - 169 = 257. What is the remainder when x is divided by 12?
11
Suppose -85*r + 80*r - 31 = -4*a, 5*r - 23 = -2*a. What is the remainder when 78 is divided by a?
6
Let q(s) = s**3 - 5*s**2 - 77*s + 171. Calculate the remainder when 1313 is divided by q(11).
13
Suppose -87 = -2*l + 281. Calculate the remainder when l is divided by (4/(-5))/(112/60 + -2).
4
Suppose 0 = 6796*o - 6815*o + 9082. Calculate the remainder when o is divided by 111.
34
Let f(n) = 44*n**2 + 17*n + 22. Let b be f(-1). Let m = -24 + -11. Let c = m + b. What is the remainder when 24 is divided by c?
10
Let b = 5234 + -5184. Calculate the remainder when 107 is divided by b.
7
Suppose -4*a + 19278 = 13*v - 11*v, -2*a + 19266 = 2*v. Calculate the remainder when v is divided by 3207.
6
Let a = -17830 + 17904. What is the remainder when (-4)/((-2*1)/72) is divided by a?
70
Suppose -161 = 37*v - 1456. What is the remainder when 5596 is divided by v?
31
Suppose -5*p + 3*l + 9 = -21, 4*p - 28 = 2*l. Let o(i) be the second derivative of -5*i**3/3 - 3*i**2/2 + 2*i. What is the remainder when o(-6) is divided by p?
9
Let r = -4361 - -4478. What is the remainder when 370 is divided by r?
19
Let u(h) = -6*h**2 - 12*h - 10. Let m(k) = k**2 - k. Let d(a) = 5*m(a) + u(a). Let n = 238 + -253. Calculate the remainder when 37 is divided by d(n).
17
Suppose -3*x - 9 = -12. Let v(a) = 9*a**2. Let t be v(x). Calculate the remainder when 5 is divided by (0/(-1))/(t - 6) - -4.
1
Let q be (-12*25/(-45))/((-1)/3). What is the remainder when 119 is divided by (5/q + 166/8)*2?
37
What is the remainder when 3623 is divided by (-23)/(69/(-9)) + 142?
143
Let t = 2816 + -2805. Suppose 0 = 4*x + 12, 2*d = -0*d + 3*x - 87. Let m = d + 67. What is the remainder when m is divided by t?
8
Let o(w) = 6*w + 17. Let n(v) = 8*v + 16. Let q(u) = -4*n(u) + 5*o(u). What is the remainder when 169 is divided by q(-4)?
24
Let w(b) = 8*b + 7. Let i be w(-3). Let g(y) = -5*y - 25. Let r be g(i). Let v = 66 - r. What is the remainder when 15 is divided by v?
3
Suppose -4*t + 16 = 0, -3*s + 35 = -2*t - 740. Let q = 300 - s. What is the remainder when 129 is divided by q?
12
Calculate the remainder when (12/54)/((-10)/60) - 6335/(-15) is divided by 140.
1
Let x be (3 + -4)/(1/164). Let h(m) = 8*m**2 + 8. Let u be h(6). Let b = u + x. What is the remainder when b is divided by 27?
24
Let a(z) = -3*z + 99. Suppose u - 4 = -h + 2*h, -4*u + 31 = h. Suppose -10*y + 45 = -u*y. Calculate the remainder when a(19) is divided by y.
12
Suppose 2*s + 4*v + 8 = 82, -4*s - 2*v + 118 = 0. Suppose f - 160 - 782 = 0. Calculate the remainder when f is divided by s.
24
Suppose -3*s = 4*a - 586 - 172, -4*a = 2*s - 760. Let n = 212 - a. Calculate the remainder when 188 is divided by n.
20
Let k = 250 - 174. Let i = k - -24. Calculate the remainder when i is divided by (4/3)/(-1 - 159/(-153)).
32
Calculate the remainder when 309 is divided by -1 + (-4)/(-10) - (624/(-65) + -1).
9
Let r = -742 + 769. Calculate the remainder when 1292 is divided by r.
23
What is the remainder when 41 - -3767 - (-3 - ((3 - 2) + 0)) is divided by 123?
122
Let u = 1 - -38. Calculate the remainder when u is divided by ((-3)/9)/((-5)/(-120))*(-39)/24.
0
Let y(u) = u**3 + 6*u**2 + 6*u + 4. Let h be ((-60)/9)/(-5)*3. What is the remainder when (-2 - -1)/(h/(-136)*1) is divided by y(-3)?
8
Let y = 13512 - 13440. Suppose -3*f + 47 + 13 = -5*o, -4*f = 5*o - 115. What is the remainder when y is divided by f?
22
Suppose -14 = -2*w - 4*x + 2, 2*x + 32 = 4*w. Suppose 2*t + 19*r = 24*r + 21, 5*t = -r + 174. What is the remainder when t is divided by w?
1
Let v(o) = -2*o**3 - 10*o**2 + 8*o - 4. Let n(s) = -3*s**2 + 5*s**2 - 113 + 119 - 11*s. Let x be n(4). Calculate the remainder when 46 is divided by v(x).
6
Let t(v) = -65*v**2 - 2860*v + 77. Let f = -9 - -22. Calculate the remainder when t(-44) is divided by f.
12
Suppose 23*f + 2*v = 20*f + 82, 5*f - 100 = 4*v. Let s = -1 + -4. Let h = s + f. Calculate the remainder when h is divided by 10.
9
Suppose -41 = 10*z - 91. Calculate the remainder when 77/z - (-2)/(-5) is divided by 8.
7
Let s(v) = 3*v**3 - 92*v**2 - 7*v - 147. Calculate the remainder when s(32) is divided by 178.
165
Let p(h) = -h**2 - 10*h - 16. Let j be p(-8). Let a be 2 + 0 - j - -1. Suppose -a*s - 27 = -3*r + 2*s, -3 = s. Calculate the remainder when 37 is divided by r.
1
Suppose 4*j + 6*j = -6*j. Suppose 4*g + 235 = 5*f, j = f - 15*g + 16*g - 38. Calculate the remainder when f is divided by 11.
10
Suppose 46 = -5*w + 171. Suppose 10*l + 20*l = 36*l - 276. What is the remainder when l is divided by w?
21
Suppose -i - 449 = -2*w + 963, 2*w = 2*i + 1418. What is the remainder when w is divided by 43?
15
Suppose -p + 48 = 3*z, -2*p - 5*z + 140 = p. Let g = 136 - 38. Calculate the remainder when g is divided by p.
8
Let a = 35 + -5. Let f(w) = -w**2 + 10*w - 6. Let q be f(5). Suppose -d + 9 + 5 = -3*l, -2*d - 3*l + q = 0. Calculate the remainder when a is divided by d.
8
Let q = -85 - -102. Suppose t + 14 - q = 0. Calculate the remainder when 61 is divided by (-183)/(-9) + 3 + 2/t.
13
Let b be 3 - (-5)/((-20)/(-4)). Suppose b*a - 5*i + 7 = 0, -9*a - i + 13 = -4*a. What is the remainder when 2 is divided by a?
0
Calculate the remainder when (125895/(-28))/(-11) + (21/(-12) - -2) is divided by 16.
9
Suppose 3*b + 20 = 8, -4*l = -5*b - 2364. Calculate the remainder when l is divided by 136.
42
Suppose -3*n + 1730 = n - 2*t, 0 = 5*n + 5*t - 2170. What is the remainder when n is divided by 15?
13
Let r = -10189 + 10043. Let u be 1/(-3) - 242/3. Let d = u - r. What is the remainder when d is divided by 22?
21
Let t(s) = -s**3 + 7*s**2 - 6*s + 8. Let r be t(6). Let f(b) = 4*b - 2. What is the remainder when f(r) is divided by 48/20*(-280)/(-42)?
14
Let s(g) = -5*g + 17. Let k be s(3). Let r be k/(-5) - (-24)/10. Suppose r*x = -x + 36. What is the remainder when x is divided by 3?
0
Let y(w) = -35*w**2 - 1612*w + 62. Calculate the remainder when y(-46) is divided by 154.
0
Suppose 140*c - 196 = 133*c. Suppose z + z = -b + c, b = -4*z + 60. Calculate the remainder when 50 is divided by z.
2
Suppose 4*t + 711 = 763. Calculate the remainder when 25 is divided by t.
12
Let k(s) = -s**2 - 6*s + 17. What is the remainder when 225 is divided by k(2)?
0
Let s = 333 + -330. Suppose -s*p + 5*z + 133 = 31, 90 = 3*p - z. Calculate the remainder when 35 is divided by p.
6
Let v(p) = 88*p - 575. What is the remainder when v(13) is divided by 117?
101
Let y(p) = p**2 - 9*p - 27. Let k be y(-6). Suppose -2*l - k = -5*l. Calculate the remainder when 6/((-46)/(-40) - 1) is divided by l.
19
Suppose -1165 - 3191 - 1364 = -88*i. Suppose 2*p + 626 = -3*n + 5*n, 3*p = -3*n + 957. What is the remainder when n is divided by i?
56
Suppose 3*a + 5*d = 33, 39 = 5*a - 0*a + 3*d. What is the remainder when (-4)/16 + 2/((-8)/(-137)) is divided by a?
4
Suppose 3*c - 45 = 2*u + 72, c + 4*u - 53 = 0. Let q be 2/7 + (-78)/(-126)*27. Let z = c - q. What is the remainder when z is divided by 13?
11
Let k = -3594 - -3703. What is the remainder when k is divided by 28?
25
Suppose -g + 34 = 5*j - 8, 4*j - 22 = 5*g. Calculate the remainder when (10*(-1)/(-1))/1 is divided by j.
2
Let i(p) = -324*p - 776. Calculate the remainder when i(-3) is divided by 65.
1
Suppose 0 = 37*l - 32*l - 1673 - 82. What is the remainder when l is divided by 68?
11
Suppose 15*j - 3*j - 64*j = -104156. Calculate the remainder when j is divided by 67.
60
Suppose -2*w + 8 = 0, -w - 18 + 196 = q. What is the remainder when 1727 is divided by q?
161
Suppose 0 = -4*j - 4*v + 6*v - 16, -2*v = 8. Let o be ((-2)/6)/((-6)/1836*j). Let k = 18 + o. What is the remainder when 2 is divided by k?
0
Let b = -3002 - -4064. Let w(v) = 9*v**2 - 1. Let i be w(1). Suppose -10*s - i*s + b = 0. Calculate the remainder when s is divided by 24.
11
Suppose -93 = -6*b + 3*b. Suppose 2*m = 10, 5*f = 2*f - m + 26. Calculate the remainder when b is divided by f/21 + 94/6.
15
Suppose 5*u = -2*v + 182, -2*v - 4*u = -5*v + 319. Let w(d) = 36*d**2 - 10*d + 8. What is the remainder when v is divided by w(1)?
33
Let o(q) = 10*q + 1. Let n be o(-3). Let v = -27 - n. Suppose v*f + 52 = 6*f